at is c(11)?
-362
Let k(f) = 5120*f + 5124. What is k(-1)?
4
Let j(s) = 2*s**3 - 2*s**2 - 9*s + 6. Give j(3).
15
Let y(z) = -z**3 + 114*z**2 - 649*z + 99. Give y(108).
-9
Let c(b) = 6*b**2 + 274*b - 61. Calculate c(-46).
31
Let q(y) = 237*y - 2383. What is q(10)?
-13
Let z(j) = -j**2 + 8*j - 80. Calculate z(6).
-68
Let b(w) = -1392*w + 33398. Give b(24).
-10
Let b(g) = 2*g**3 - 30*g**2 + 33*g - 478. Calculate b(15).
17
Let k(p) = p**3 + 43*p**2 - 512. What is k(0)?
-512
Let r(j) = j**2 - 2*j - 111. Calculate r(0).
-111
Let g(p) = p**3 + 16*p**2 - 31*p - 26. What is g(-18)?
-116
Let q(z) = -4*z**2 + 246*z - 2600. Give q(48).
-8
Let s(q) = 8*q**2 + 260*q + 1851. Give s(-22).
3
Let c(x) = -2*x**3 - 52*x**2 - 51*x - 35. Give c(-25).
-10
Let u(i) = -4*i**2 + 77*i - 4. Give u(19).
15
Let f(h) = 3*h**3 + 15*h**2 - 1242*h - 2. Determine f(-23).
-2
Let j(v) = -v**2 - 77*v + 233. Give j(-80).
-7
Let a(b) = -b**2 + 49*b - 164. Determine a(5).
56
Let k(l) = l**3 - 17*l**2 - 23*l + 139. Determine k(18).
49
Let f(o) = -o**2 + 49*o - 144. What is f(46)?
-6
Let l(p) = 17*p - 137. Give l(15).
118
Let i(y) = 9*y**2 + 18*y + 183. What is i(-9)?
750
Let i(q) = -1361*q - 17705. What is i(-13)?
-12
Let u(l) = 2*l**3 + 10*l**2 + 37*l + 125. What is u(-4)?
9
Let c(h) = -191*h**3 + 3*h**2 + 3*h - 4. Calculate c(1).
-189
Let j(b) = 13*b - 88. Calculate j(6).
-10
Let x(j) = -j**3 - 4*j**2 + 7*j - 1. What is x(5)?
-191
Let g(z) = 126*z**2 + 13*z - 14. What is g(1)?
125
Let i(h) = -20*h + 872. Determine i(43).
12
Let t(w) = -4*w**2 - 3*w + 1. Give t(-3).
-26
Let n(k) = -63*k + 242. Calculate n(7).
-199
Let j(l) = -l**3 - 12*l**2 + 13*l + 26. Calculate j(-13).
26
Let x(a) = -a**2 - 42*a - 312. Determine x(-16).
104
Let l(z) = -z**3 - 2*z**2 + 3*z - 4. Determine l(4).
-88
Let r(b) = b**3 + 25*b**2 + 136*b + 32. Calculate r(-8).
32
Let k(i) = 5490*i - 27483. Give k(5).
-33
Let b(k) = k**3 - 2*k**2 - 5*k - 7. Determine b(5).
43
Let u(q) = 2*q**3 - q**2 + 10*q + 103. Give u(-5).
-222
Let i(h) = h**3 + 8*h**2 + 18*h - 36. Give i(-8).
-180
Let y(q) = 7*q**2 - 550*q - 234. What is y(79)?
3
Let o(t) = 109*t**2 - 2505*t - 52. Give o(23).
-6
Let b(h) = h**3 + 11*h**2 - 151*h - 1524. What is b(-14)?
2
Let h(w) = 73*w + 720. Calculate h(-10).
-10
Let w(l) = 5*l**3 - 68*l**2 - 25*l - 2. Give w(14).
40
Let m(l) = l**3 + 20*l**2 - 10*l - 76. Give m(-20).
124
Let x(l) = l**3 + 11*l**2 + 16*l + 160. What is x(-9)?
178
Let v(q) = -378*q + 19683. What is v(52)?
27
Let s(o) = -o**3 - 7*o**2 + 14*o - 9. Determine s(-6).
-129
Let y(a) = 107*a - 524. Give y(5).
11
Let t(x) = x**2 + 35*x + 304. Calculate t(-19).
0
Let y(c) = -6*c**2 - 95*c - 226. Calculate y(-13).
-5
Let q(v) = -v**2 - 78*v + 51. Calculate q(0).
51
Let z(s) = -9*s**3 - 354*s**2 - 156*s - 1529. What is z(-39)?
-8
Let q(l) = -5*l**2 + 180*l + 17. Determine q(36).
17
Let c(t) = 1310*t + 1280. What is c(-1)?
-30
Let j(s) = s**2 + 21*s + 168. What is j(-11)?
58
Let o(b) = -5*b + 266. Determine o(44).
46
Let x(u) = 73*u**2 - 3124*u - 642. Determine x(43).
3
Let m(o) = -o**2 + 283*o + 33560. Calculate m(373).
-10
Let i(k) = -10*k + 200. Give i(17).
30
Let d(i) = -16*i + 270. Calculate d(3).
222
Let s(w) = 2*w**3 - 15*w**2 - 76*w + 576. Calculate s(7).
-5
Let l(n) = 23*n**3 + 2*n**2 + 6*n - 21. Determine l(3).
636
Let c(y) = -5*y**3 + 65*y**2 - 3*y + 52. Determine c(13).
13
Let v(s) = s**3 - 74*s**2 + 5*s - 371. Calculate v(74).
-1
Let f(j) = 18*j + 922. Determine f(-52).
-14
Let m(i) = i**3 - 101*i**2 + 231*i - 3207. Determine m(99).
60
Let i(o) = -3*o**3 - 44*o**2 + 30*o - 550. Calculate i(-16).
-6
Let b(o) = -o**3 + 2*o**2 - 4*o + 5. Determine b(2).
-3
Let l(b) = 42*b**2 + 175*b - 181. What is l(-5)?
-6
Let k(h) = h**2 + 8*h - 50. Give k(11).
159
Let q(r) = -19*r + 1. Give q(0).
1
Let n(w) = -75*w**2 + 310*w - 38. Calculate n(4).
2
Let h(p) = 197*p**2 + 6*p - 6. Calculate h(1).
197
Let r(c) = -c**2 + 16*c + 161. What is r(-11)?
-136
Let f(r) = r**2 + 123*r + 2454. Give f(-25).
4
Let b(t) = -2*t + 46. What is b(20)?
6
Let c(s) = 191*s - 7633. Calculate c(40).
7
Let i(s) = 205*s**3 + s**2 - 24*s + 22. Determine i(1).
204
Let n(q) = -q**2 + 11*q + 247. What is n(-10)?
37
Let k(z) = z**3 - 3*z**2 - 105*z - 40. Calculate k(12).
-4
Let p(v) = v**2 - 2*v - 77. Give p(8).
-29
Let l(z) = -68*z + 806. What is l(12)?
-10
Let j(m) = 9862*m + 23. Determine j(0).
23
Let t(q) = -q**3 + 93*q**2 - 362*q + 487. What is t(89)?
-47
Let n(s) = -s**3 + 16*s**2 - 37*s + 19. Determine n(11).
217
Let l(t) = -1275*t**2 - 8928*t - 5. Calculate l(-7).
16
Let i(s) = -352*s + 726. Determine i(2).
22
Let w(z) = -z**3 + 17*z**2 + 52*z + 154. Calculate w(20).
-6
Let k(d) = d**2 + 18*d + 6. What is k(-12)?
-66
Let l(g) = -5*g**2 - 354*g + 3691. What is l(-80)?
11
Let s(a) = a**2 + 201*a - 9358. What is s(39)?
2
Let k(p) = p**3 - 42*p**2 + 321*p - 32. Calculate k(32).
0
Let z(s) = 25*s + 10. What is z(0)?
10
Let c(x) = 691*x - 55280. What is c(80)?
0
Let b(w) = w**3 + 169*w**2 + 1439*w + 9. What is b(-9)?
18
Let q(z) = -14*z**3 - 575*z**2 - 40*z + 63. Give q(-41).
22
Let x(v) = v**2 - 2*v - 50. What is x(-6)?
-2
Let p(s) = s**2 + 7*s + 2. Calculate p(-7).
2
Let t(f) = 323*f + 10330. Determine t(-32).
-6
Let a(j) = -128*j - 2672. Give a(-20).
-112
Let k(i) = i**3 + 42*i**2 - 2*i - 28. Give k(-42).
56
Let t(v) = 73*v**2 - 438*v + 3. Determine t(6).
3
Let f(g) = -2*g**2 + 46*g + 148. Calculate f(-3).
-8
Let d(f) = -2*f**3 - 12*f**2 - 20*f - 3. What is d(-6)?
117
Let o(r) = -r**2 + 33*r + 827. What is o(50)?
-23
Let n(d) = -3*d**3 + 39*d**2 + 41*d + 70. Give n(14).
56
Let f(i) = i**3 - 36*i**2 - 69*i - 106. Determine f(38).
160
Let f(t) = 7*t**2 + 150*t + 806. Give f(-12).
14
Let y(g) = 47*g - 1588. Calculate y(33).
-37
Let q(s) = 266*s**2 + 559*s + 55. Calculate q(-2).
1
Let z(b) = -55*b**2 + 1428*b + 62. Calculate z(26).
10
Let j(r) = -156*r + 23839. What is j(153)?
-29
Let p(f) = -3*f**2 + 15*f + 295. Determine p(-10).
-155
Let y(t) = -71*t**3 - 3*t**2 + 4*t + 7. What is y(-1)?
71
Let k(b) = -b**2 - 55*b + 1215. Calculate k(-73).
-99
Let h(a) = a**3 + 41*a**2 + 3*a + 61. What is h(-41)?
-62
Let z(p) = -2*p**2 + 124*p - 1830. Determine z(24).
-6
Let r(c) = -484*c**2 + 12585*c - 25. What is r(26)?
1
Let c(q) = q**3 + 2*q**2 - 115*q - 342. Give c(-9).
126
Let f(k) = -4*k + 85. Give f(13).
33
Let j(q) = -q**3 - 4*q**2 + 16*q + 165. Give j(-7).
200
Let u(g) = -g**3 + 25*g**2 + 69*g + 490. Give u(28).
70
Let w(r) = 4*r**3 - 5*r**2 + 3*r + 66. Give w(-6).
-996
Let z(p) = -7*p**2 + 55*p - 74. Determine z(2).
8
Let k(y) = -y**3 + 70*y**2 + 18*y - 1258. Determine k(70).
2
Let q(m) = m**2 + 8*m - 3. Determine q(-1).
-10
Let k(q) = 5*q - 376. Determine k(-20).
-476
Let v(n) = -n**3 + 140*n**2 + 148*n - 985. Determine v(141).
2
Let v(q) = -48*q - 2711. Give v(-57).
25
Let w(b) = -3*b**3 + 79*b**2 + 328*b + 72. What is w(30)?
12
Let q(t) = -t**2 + 1475*t + 8856. Give q(-6).
-30
Let b(j) = -10*j**3 - 308*j**2 + 57*j - 146. Determine b(-31).
9
Let n(t) = -t**2 - 22*t + 46. Determine n(-22).
46
Let t(v) = -v**2 - 73*v - 1126. Determine t(-50).
24
Let v(n) = -2*n**2 - 65*n - 173. What is v(-3)?
4
Let u(t) = 9*t**2 + 81*t + 178. Determine u(-4).
-2
Let a(n) = n**3 - 17*n**2 + 79*n + 3. Give a(8).
59
Let d(z) = 4*z**2 - 49*z + 364. Calculate d(7).
217
Let h(s) = -s**3 + 8*s**2 - 3*s + 16. Determine h(8).
-8
Let h(d) = 3*d**2 + 36*d - 861. Give h(12).
3
Let g(s) = -6*s**2 + 8*s + 168. Determine g(-9).
-390
Let n(v) = 7*v**2 - 399*v + 3297. Calculate n(47).
7
Let z(d) = 4*d**2 + 77*d - 149. Determine z(-21).
-2
Let d(v) = -9*v + 122. Give d(31).
-157
Let i(z) = -15*z + 49. Calculate i(-3).
94
Let d(q) = 2*q**2 + 23*q + 5. Calculate d(-11).
-6
Let b(z) = 84*z - 7. What is b(1)?
77
Let s(q) = -q**3 + 7*q**2 + 47*q - 271. Determine s(5).
14
Let f(v) = -504*v**2 + 2521*v + 3. What is f(5)?
8
Let v(u) = -u**3 - 122*u**2 + 118*u - 683. Give v(-123).
-68
Let t(r) = -2*r**2 - 15*r - 8. Determine t(-9).
-35
Let c(r) = -610*r + 65. Give c(1).
-545
Let g(b) = 30*b - 386. What is g(-11)?
-716
Let d(u) = 10*u**2 - 260*u - 261. Determine d(-1).
9
Let z(k) = -83*k + 91. Give z(2).
-75
Let c(t) = t**3 + 35*t**2 + 92*t - 67. Calculate c(-32).
61
Let i(g) = 2826*g + 76307. What is i(-27)?
5
Let h(p) = -p